is -4430 - -2?
-4423
In base 16, what is b87 - -1?
b88
In base 11, what is 1098 - -7?
10a4
In base 9, what is -105 + 5?
-100
In base 9, what is -23 + -4?
-27
In base 16, what is -b + -ab?
-b6
In base 3, what is -2020 - -1011?
-1002
In base 4, what is 1002211 - 3?
1002202
In base 13, what is 26 - a?
19
In base 12, what is 86 - -11?
97
In base 16, what is -60 - 2?
-62
In base 13, what is -1c + -1b?
-3a
In base 11, what is -1 - -2a7?
2a6
In base 8, what is 2 + -35?
-33
In base 11, what is -5 - -804?
7aa
In base 13, what is -9 - 0?
-9
In base 7, what is -4 + 1365?
1361
In base 15, what is 560 - -1?
561
In base 2, what is 0 + 111001?
111001
In base 7, what is 1252 - 4?
1245
In base 11, what is -1 + -37?
-38
In base 14, what is 3d0 - -9?
3d9
In base 4, what is 2 + 133?
201
In base 16, what is -7 + 61?
5a
In base 7, what is -2301 + -5?
-2306
In base 7, what is 36 - 531?
-462
In base 2, what is 11010010111 + -10?
11010010101
In base 16, what is 12f2 - -1?
12f3
In base 13, what is 3 + 2a8?
2ab
In base 6, what is 2 - 10232?
-10230
In base 16, what is 5 - be7?
-be2
In base 14, what is -2b + 110?
c3
In base 8, what is 403 + 23?
426
In base 6, what is -5 - -323?
314
In base 7, what is 0 + -25?
-25
In base 11, what is -3 - 219?
-221
In base 15, what is 5 + -24b?
-246
In base 10, what is -2 + -212?
-214
In base 13, what is 541 + -4?
53a
In base 4, what is 223 - -10?
233
In base 11, what is -1 - -105?
104
In base 3, what is -10 - -1221?
1211
In base 11, what is -4 - -197?
193
In base 16, what is -31a3 + 0?
-31a3
In base 12, what is -2 - -48?
46
In base 5, what is 10 + -124?
-114
In base 15, what is -1 - 5a?
-5b
In base 8, what is 2 + -61?
-57
In base 14, what is 16 + -12?
4
In base 4, what is 120 + 121?
301
In base 5, what is -424114 - 4?
-424123
In base 15, what is -23 - 2?
-25
In base 11, what is 3 - 321?
-319
In base 14, what is a + 223?
22d
In base 9, what is -212 - 0?
-212
In base 11, what is 5a5 - -3?
5a8
In base 16, what is 3c - -96?
d2
In base 10, what is -1444 + 10?
-1434
In base 16, what is 2 - 282?
-280
In base 9, what is -1 - -138?
137
In base 5, what is -1221 - 3?
-1224
In base 13, what is 7 - -5ab?
5b5
In base 9, what is -51 - -4?
-46
In base 12, what is 2 - -13?
15
In base 4, what is 3 + -1123?
-1120
In base 7, what is 3 - -112?
115
In base 2, what is -11010000 - -100?
-11001100
In base 9, what is -88 - -2?
-86
In base 5, what is -22032 + 23?
-22004
In base 16, what is f4 - -1?
f5
In base 5, what is -14110 + 0?
-14110
In base 16, what is -1 - 34?
-35
In base 4, what is 1121132 + -10?
1121122
In base 3, what is -10001 + 1?
-10000
In base 8, what is -2 - 1004?
-1006
In base 9, what is 5 - 818?
-813
In base 13, what is -7 + -13?
-1a
In base 12, what is 5 - 38a?
-385
In base 11, what is 8 + 14?
21
In base 11, what is -12 - 7?
-19
In base 14, what is 157 - -4?
15b
In base 10, what is 87 - -5?
92
In base 2, what is -100 + -100111101011?
-100111101111
In base 5, what is -210 - -2?
-203
In base 6, what is -250 - 11?
-301
In base 11, what is 3 - 281?
-279
In base 6, what is 22 - 222?
-200
In base 14, what is d + 15?
24
In base 3, what is -222 - -1000022?
222100
In base 3, what is 2 + 22000?
22002
In base 10, what is -2 - -198?
196
In base 5, what is 1 - -201?
202
In base 16, what is -5 - 4b?
-50
In base 8, what is 2 + 22?
24
In base 2, what is 0 + -1001?
-1001
In base 12, what is -1197 - -10?
-1187
In base 11, what is -76 - -185?
10a
In base 2, what is -10011 - -10000001000?
1111110101
In base 6, what is -12 + 20?
4
In base 16, what is -9b + 2c?
-6f
In base 5, what is -3312 - 10?
-3322
In base 14, what is -2 - 2c8?
-2ca
In base 4, what is 20 + -21303?
-21223
In base 4, what is -2 - 1021?
-1023
In base 10, what is -3 - -132?
129
In base 3, what is -1021 + -1?
-1022
In base 6, what is 2 - -1022?
1024
In base 11, what is 945 - 6?
93a
In base 3, what is 2 - 1001?
-222
In base 12, what is 4 + 12a?
132
In base 8, what is 26 - 103?
-55
In base 2, what is -100110 + 11111?
-111
In base 7, what is 21022 - -4?
21026
In base 7, what is 245 + -12?
233
In base 10, what is -17 + -43?
-60
In base 2, what is 11101001011 + -11?
11101001000
In base 4, what is 1 + 311?
312
In base 10, what is -356 - -13?
-343
In base 5, what is -40 + 0?
-40
In base 3, what is 12 + -12020?
-12001
In base 7, what is 1 - -16544?
16545
In base 8, what is 10 + 5?
15
In base 6, what is 3 + 251?
254
In base 13, what is c3 + -3c?
84
In base 13, what is 2 - -7?
9
In base 3, what is -212222 + 100?
-212122
In base 3, what is -21020 + 122?
-20121
In base 8, what is 335 + 42?
377
In base 4, what is 3122 + 13?
3201
In base 14, what is -41 - 5?
-46
In base 11, what is 3 + -2398?
-2395
In base 9, what is -124 - -2?
-122
In base 4, what is 0 + -10123?
-10123
In base 7, what is -12 + -323?
-335
In base 13, what is 5 + 38?
40
In base 8, what is -1351 + 1?
-1350
In base 13, what is 38 - -61?
99
In base 13, what is -384 - -28?
-359
In base 12, what is -40 + 5?
-37
In base 13, what is 4b5 + 0?
4b5
In base 7, what is 204 + 11?
215
In base 11, what is 6 + -29?
-23
In base 13, what is -19 - -c1?
a5
In base 11, what is -132aa - 4?
-13303
In base 16, what is -b28 + 4?
-b24
In base 3, what is 12 - 100022?
-100010
In base 4, what is -233000 - 1?
-233001
In base 12, what is -5 + 252?
249
In base 5, what is 3214 - 4?
3210
In base 13, what is 2 - -13c?
141
In base 6, what is 4 + 20?
24
In base 13, what is -58 + 2?
-56
In base 15, what is 7 - -9?
11
In base 13, what is -4 + -419?
-420
In base 16, what is b - 9?
2
In base 7, what is -1463 + 4?
-1456
In base 16, what is -27e + 1?
-27d
In base 7, what is 13 - 1453?
-1440
In base 2, what is -1010001001001 + 10?
-1010001000111
In base 10, what is 206 + 1?
207
In base 13, what is -93 - 10?
-a3
In base 15, what is -84 + -5?
-89
In base 4, what is -12 + 1023?
1011
In base 2, what is 10010000 + -11?
10001101
In base 10, what is 56 + 226?
282
In base 6, what is 41010 + 4?
41014
In base 8, what is -5 - 542?
-547
In base 6, what is -10 + 2305?
2255
In base 10, what is -2 - 1802?
-1804
In base 4, what is 11 + 1310?
1321
In base 16, what is 22 + -36c?
-34a
In base 13, what is -2 + 352?
350
In base 13, what is -cb + 1?
-ca
In base 12, what is -3 - -25?
22
In base 6, what is 4 + -4144?
-4140
In base 9, what is -5 - 40?
-45
In base 13, what is 6 - -3?
9
In base 14, what is -1 + 6?
5
In base 12, what is 468 - 5?
463
In base 16, what is -1d - 1?
-1e
In base 3, what is -212210 - -12?
-212121
In base 3, what is -11020002 + 0?
-11020002
In base 7, what is 23 - -150?
203
In base 8, what is 436 - 5?
431
In base 3, what is 1010 - 22?
211
In base 12, what is 2 - 1a0?
-19a
In base 14, what is -1 + 497?
496
In base 7, what is -140 + 5?
-132
In base 2, what is -10110 - -10011?
-11
In base 7, what is 0 - 4316?
-4316
In base 16, what is 97d - -2?
97f
In base 12, what is 1128 + 5?
1131
In base 16, what is c2 + -4?
be
In base 2, what is -1111 - 1001?
-11000
In base 8, what is 1 - -11?
12
In base 13, what is -60 + 5?
-58
In base 12, what is 4 - 3b?
-37
In base 14, what is 4454 + -3?
4451
In base 3, what is 222120 + 0?
222120
In base 11, what is 464 + 0?
464
In base 2, what is 100 + -111011?
-110111
In base 10, what is 4 - 93?
-89
In base 3, what is -10101121 - 1?
-10101122
In base 16, what is 43b + -c?
42f
In base 9, what is 2 + 4?
6
In base 16, what is ab6 + a?
ac0
In base 12, what is 4 - -aa?
b2
In base 7, what is 112125 + 3?
112131
In base 3, what is 0 + 12220100?
12220100
In base 16, what is -3 - 25?
-28
In base 12, what is b - 2a?
-1b
In base 6, what is 1 - -34?
35
In base 4, what is 3 - -222331?
223000
In base 7, what is 50 + -231?
-151
In base 14, what is 145 + 13?
158
In base 14, what is 1 + -190?
-18d
In base 15, what is -1 - -11?
10
In base 4, what is 123 - 0?
123
In base 8, what is 4114 - 4?
4110
In base 5, what is 1 - -32?
33
In base 9, what is 4544 - -4?
4548
In base 2, what is -10001101 - -11000?
-1110101
In base 11, what is -28 + 5?
-23
In base 4, what is 22 + -10131?
-10103
In base 16, what is 6e - 19?
55
In base 2, what is 101 + -111111?
-111010
In base 9, what is 767 + 22?
800
In base 11, what is -628 - 1?
-629
In base 4, what is 1130 - 10?
1120
In base 10, what is -168 - -4?
-164
In base 13, what is 5 - -9?
11
In base 15, what is -2 + 13a?
138
In base 10, what is -273 + 0?
-273
In 